git of n?
4
Let g = 2 + 2. Suppose 20 = -2*h + g*h. What is the tens digit of h?
1
Suppose 2*u + 16 = 6*u. What is the units digit of 2*(-2)/u + 7?
6
Let g = 73 + -30. What is the units digit of g?
3
Suppose 0 = -2*b - 0*b + 96. What is the tens digit of b?
4
Suppose -5*d - 19 + 69 = 0. Let q be 4/(-10) + 84/d. Let a(j) = -j + 11. What is the units digit of a(q)?
3
Suppose -2*h - 2*d = -h - 26, 3*h - 63 = -d. Suppose -i - h = -3*i. What is the tens digit of i?
1
Let h(z) = 2*z + 4*z - 4 + 1 - z**2. Suppose 5*f - 6 - 4 = 0. What is the units digit of h(f)?
5
Let o(t) = -t**2 - 6*t + 3. Let d be o(-6). Let l(g) = -g - d*g**2 + 2 + 7*g**2 - 5*g + g**3. What is the units digit of l(-5)?
7
Let m(l) = l**3 - 5*l**2 - 5*l + 1. Let t be m(6). What is the tens digit of ((-84)/(-49))/(1/t)?
1
Let g(j) = j**3 + 8*j**2 - 3*j - 8. What is the tens digit of g(-6)?
8
Let b(n) be the second derivative of -n**3 + n**2/2 + n. Let s = -1 + -1. What is the tens digit of b(s)?
1
Let w(b) = b**2 + b + 41. What is the tens digit of w(0)?
4
Let g(r) be the first derivative of r**3/3 + 2*r**2 + 10*r + 2. Let m be g(7). What is the units digit of m/6 + (-2)/(-4)?
5
Suppose -2*l - 91 = -3*y - 14, 2*l = -5*y + 155. What is the tens digit of y?
2
Suppose 4*d = -2*c + 3*d + 15, 2*d = -c. What is the units digit of c?
0
Suppose 0 = -3*x - 1 + 7. Suppose 0 = -x*s + 5*k + 37, 5*k = 5*s - 63 - 7. What is the tens digit of s?
1
Suppose 5*t - 16 = p, 5*t - 36 = -3*p - p. Suppose 4 + t = 4*x. What is the units digit of x?
2
Let d = -83 - -206. What is the hundreds digit of d?
1
Let s = 0 - -190. What is the units digit of s?
0
Suppose p = -1, 2*p + 119 = 3*r - 0*r. What is the units digit of r?
9
Let r(y) = -y**3 + 8*y**2 + 5*y - 9. What is the tens digit of r(8)?
3
Let x(m) = m**2 + 5*m - 6. Let i be x(-6). Let r = i - -1. What is the units digit of r/((-3)/(-84)*2)?
4
Let f be (1 - (-1 - 0)) + -2. Suppose 2*o = -6 - f. Let z = 8 + o. What is the units digit of z?
5
Suppose 2*y - k = 19, -2*y + 4*k + 15 + 1 = 0. What is the tens digit of y?
1
Let b = 4 - -35. What is the units digit of b?
9
Let c = 5 + -8. What is the units digit of (-39)/c*(2 - 1)?
3
Let i be (2 + -3)/(-1)*25. Suppose -h - i = -3*w, 5*h + 0*h + 45 = 5*w. What is the units digit of w?
8
Let t(m) = -m - 11. Suppose 2*h - 9 = r + h, 0 = -4*r - 5*h - 9. Let a be t(r). What is the units digit of (1 - 0)*(14 - a)?
9
Suppose h - 120 = -5*h. What is the tens digit of h?
2
Let o be 4/(-2)*2/1. Let a = -4 - o. Suppose 2*p - 4*m - 36 = 0, 5*p + m + a*m - 46 = 0. What is the tens digit of p?
1
Suppose 2*x = -3*x - 5. Let u be 6 + (-1 - (0 - x)). Suppose -3*v = 3*s - 3, v - u*v = s - 7. What is the units digit of v?
3
Let q = 11 - 9. Suppose q*f - 2 - 2 = 0, 5*h + f = 42. What is the units digit of h?
8
Suppose 0*z + 4*z - 176 = 0. What is the units digit of z?
4
Suppose 300 = 2*m + 2*u, -2*u - 594 = -4*m - 3*u. What is the units digit of m?
8
Let q(n) = -n + 2. Let i be q(-3). Suppose -3*w = 4*o - 81, 3*w - 46 = -i*o + 38. Let d = w + -16. What is the units digit of d?
7
Suppose 6*n - 903 = 3*n - 3*j, 590 = 2*n - 2*j. What is the hundreds digit of n?
2
Let s(m) = 2*m**2 + 3*m. Let d be s(-3). Let u(z) = -z**2 + 10*z. Let n be u(d). What is the units digit of 1/3 + 60/n?
7
Let j = 8 - 6. Suppose -d + 7 = -x, d + 4*d = -j*x + 21. Suppose 0 = -0*y - d*y + 85. What is the units digit of y?
7
Suppose 0 = p + 4*p + 80. What is the tens digit of p/24 - (-64)/6?
1
Let o be ((-162)/105 - 3/(-21))*-5. Let d(t) = -t**2 - 7*t + 3. Let i be d(-6). Let k = i - o. What is the units digit of k?
2
Let c be (-30)/7 + 2/7. What is the units digit of (-19)/c + 2/8?
5
Suppose -3*x - 2*f = 2*x - 728, -276 = -2*x + 3*f. What is the hundreds digit of x?
1
Suppose 0 = 4*k - 2 - 6. Let v = 4 - k. Suppose -20 = -4*p, -q + 0*q + 2*p = v. What is the units digit of q?
8
Let p be 2/(-1)*(-21)/2. Let x = 40 - p. What is the tens digit of x?
1
Suppose -2*m = -5*m + 9. Let j(h) = -h**2 + 4*h + 1. Let o be j(m). Suppose 4*y - o = 12. What is the units digit of y?
4
Let w(v) = v - 13. Let f be w(8). Let y = f + 11. What is the units digit of y?
6
Let d = -5 - -8. Suppose 2*o - d*o = 0. Suppose -2*x + 4*i + 12 = o, -i + 2 = -3*i. What is the units digit of x?
4
What is the units digit of ((-16)/(-12))/(1/3)?
4
Let q(i) = 3*i. Let f be q(1). Suppose f*j + 20 = 7*j, 4*j = 2*m + 2. What is the units digit of m?
9
Let w(p) = 29*p**2. Let f(a) = 2*a**2 - 1. Let k be f(1). Let r be w(k). Suppose 4*y = -5*q - 0*q + 67, -q = 2*y - r. What is the units digit of y?
3
Suppose -309 - 203 = -4*b. What is the hundreds digit of b?
1
Let f(v) = v**2 + 5*v + 8. Let m(x) = -x**3 - 5*x**2 + 7*x - 1. Let z be m(-6). What is the tens digit of f(z)?
2
What is the units digit of (0 + 2)/(8/164)?
1
Let d = -2 - 4. Let k(i) = 2*i**2 + 10*i + 9. What is the tens digit of k(d)?
2
Let l = 7 + -1. Suppose -3*q + l = -q. Suppose -q - 2 = -z. What is the units digit of z?
5
Suppose 0 = 3*g - 985 + 253. What is the units digit of g?
4
Let q(j) = j**3 + 6*j**2 - 2. Let r be q(-6). What is the tens digit of 17 + r/(2/(-3))?
2
Suppose 2*x + 0*o + 2*o = 48, 3*o + 82 = 4*x. What is the units digit of x?
2
Let c(b) = 140*b**2 - 4*b - 3. What is the tens digit of c(-1)?
4
Suppose 0 = w + 3*w - 12, 5*w = -2*i + 9. What is the units digit of 2 + 2 + i + 6?
7
Suppose 2*p = 8 + 14. What is the units digit of p?
1
Suppose 3*p - 5*r = 21, 4*p + 4*r + 1 = -3. Suppose 2*l + 0 = p. What is the units digit of l?
1
Let r(k) = k**2 - 17*k - 1. What is the units digit of r(18)?
7
Let z = 48 + -15. What is the units digit of z?
3
Let a = -114 + 259. What is the tens digit of a?
4
Suppose -5*f = 3*u - 30, -4*f + 24 = -3*u + 2*u. Let i = -10 - -18. Let y = f + i. What is the units digit of y?
4
Let g be 1 + 0/1 - 1. Suppose -2*w - 37 = -4*h - 3*w, h + 4*w + 2 = g. What is the tens digit of h?
1
Suppose -72*n = -68*n - 860. What is the tens digit of n?
1
Let z(f) be the second derivative of f**3/3 - 3*f**2/2 - 8*f. Let q(w) = -w**2 + 6*w + 2. Let y be q(6). What is the units digit of z(y)?
1
What is the tens digit of (-2)/(-1) + (-120)/(-10)?
1
What is the tens digit of (-5)/(-40) - (-103)/8?
1
Let t = 0 + 3. Suppose -t*d + 24 = -d. What is the tens digit of d?
1
Let y = -10 - -12. Suppose -2 = w - 5, -5*r - y*w = -111. What is the units digit of r?
1
Let x(w) = 4*w - 4. Let q be x(4). Suppose -p + 39 = -q. What is the tens digit of p?
5
Let g be -3 + ((-2)/(-2) - -13). Let i = 10 + g. What is the tens digit of i?
2
Let k = 14 - -41. What is the units digit of k?
5
Suppose 0*d = d - 26. Suppose -v + d = v. Let a = v - 8. What is the units digit of a?
5
Let f = 232 + -140. What is the units digit of f?
2
Suppose -3*a + 9 = 0, 5*a = -5*t + 992 + 723. What is the tens digit of t?
4
Let n = -111 + 188. Suppose b = 4*y - 3, 8*y = 2*b + 3*y. Suppose 5*p - 4*m + 26 = n, b*m + 55 = 5*p. What is the units digit of p?
7
Suppose -g - 4*g = 0. Suppose g = 2*y + 2*p - 24, 5*y - 52 = y - 5*p. What is the units digit of y?
8
Suppose c = 14*c - 1950. What is the hundreds digit of c?
1
Suppose 177 - 63 = 3*u. What is the units digit of u?
8
Let n(c) = 2*c + 9. What is the units digit of n(-4)?
1
Suppose -k - 1 = -13. Suppose j = -3*v + 24, 3*v + 0*j - k = 3*j. What is the units digit of v?
7
Suppose -14 = -q + k - 4*k, k - 23 = -2*q. What is the tens digit of q?
1
Suppose 12 = -f + 29. Suppose 70 = 3*n - f. What is the units digit of n?
9
Let o(j) = -9*j**3 + 2*j**2 - 1. Let h be o(1). Let f be (h/3)/(1/(-3)). Let p = -4 + f. What is the units digit of p?
4
Suppose -257 = -2*p + f, 3 = -f - 2*f. What is the hundreds digit of p?
1
Let q(h) = -h**3 + 12*h**2 + 18*h - 1. What is the tens digit of q(13)?
6
Let x(p) = -p**3 + 7*p**2 + 3*p. What is the tens digit of x(6)?
5
Let f be (-1 + 2)/(1/4). Suppose v + 3 = s - 7, f*s = 3*v + 35. Suppose -5*y + 69 = 3*o - 2*o, 0 = -s*y - 3*o + 67. What is the tens digit of y?
1
Let x = -58 - -22. Let f = -18 - x. What is the tens digit of f?
1
Let c = -17 + 17. Suppose 23 + c = h. What is the tens digit of h?
2
Let r(x) = -x. Let a be r(-3). Let p = -2 + 7. Suppose -p*u + 7 = -a. What is the units digit of u?
2
Suppose 2*q = -0*q - 10. Let m be 10/q*(-3)/2. Suppose 0 = -2*z - 2*k - 2*k + 46